- 9 + 0*c**2. List the prime factors of g(-2).
3, 5
Let h = -36 + 201. What are the prime factors of h?
3, 5, 11
Suppose -11*g + 7*g = -7248. List the prime factors of g.
2, 3, 151
Let q(m) = -20*m**2 + 3*m - 2. Let u(k) = 20*k**2 - 2*k + 1. Let f(o) = -3*q(o) - 2*u(o). List the prime factors of f(-3).
199
Let l be ((-15)/10)/(5/(-10)). Suppose -5*q + 5*p = -185, 6*q - 2*p = l*q + 107. What are the prime factors of q?
3, 11
Let i(q) = -q**3 + 5*q**2 - 9*q + 10. Let n be i(-6). Let a = n + -255. What are the prime factors of a?
5, 41
Let u = -7 + 13. Suppose -b - 15 = -u*b. Suppose b*w - 181 = -2*w - g, -90 = -2*w + 4*g. List the prime factors of w.
37
Suppose -11*c = -0*c. Suppose d - 2*s + 6 = 0, 4*d - 2*s - 6 = -c*s. What are the prime factors of d?
2
Let t(j) = j**3 - 6*j**2 + 4*j + 3. Let l be t(4). Suppose 1 = c + a - 3, 38 = 5*c - a. Let x = c - l. List the prime factors of x.
2, 5
What are the prime factors of ((-4574)/4)/(12/(-16 + -8))?
2287
Let j(c) = -3*c**3 + 2*c + 1. Let n = 8 - 6. Suppose 0 = 5*h + 3*m + 22, 3*h + 0*m - m = -n. List the prime factors of j(h).
3, 7
Let b be 2 + -1 + (133 - 1). Let v = b - -167. What are the prime factors of v?
2, 3, 5
Let j(d) = -4*d**2 - 8*d - 10. Let p be j(-2). Suppose 3*y + 25 = -i - 6, -3*y - 27 = -3*i. What are the prime factors of (-32)/p + y/50?
3
Let i(m) = -2*m + 12. Let b be i(5). Suppose 3*s = -3*z + 148 + 548, -449 = -b*z + s. List the prime factors of z.
227
Let s = 897 - 401. Suppose 0 = -0*x + 2*x - 2*m - s, -2*x + 496 = -3*m. List the prime factors of x.
2, 31
List the prime factors of (0/1 + (-374)/51)*-102.
2, 11, 17
What are the prime factors of 6078/(-4)*(230/(-30) - -7)?
1013
Suppose 9*s = 19*s - 50. Let h(w) = w**2 + 12*w - 24. List the prime factors of h(s).
61
List the prime factors of (-6942)/(-18) - -2*(-4)/(-24).
2, 193
List the prime factors of (-20)/(-15)*(-2175)/(-10).
2, 5, 29
Suppose 4*o = 5*o, -5*g - o + 25 = 0. Suppose -2*b + 14 = g*z, 6*b - b = 3*z - 27. List the prime factors of (-9)/(6 + b) + 26.
23
Suppose 2*h + 5*b = -11, 4*h + h = -4*b - 19. List the prime factors of 67/3*(6 + (h - 0)).
67
Let a(c) = -c + c**2 - 17*c**2 + 2*c + 22 - c**3 - 2*c. List the prime factors of a(-16).
2, 19
Suppose 5*c + 16 = 2*k + 81, -4*k = 20. Suppose 4*r - 92 = 4*f - 0*f, -r + 5*f + c = 0. Let i = 42 - r. List the prime factors of i.
2
Let z(d) = 2*d**2 + 26*d + 19. What are the prime factors of z(16)?
947
Let g(d) = 7*d + 3*d**3 + 2*d**3 + 15*d**2 + 4*d + 9. Let n(h) = h**3 - h + 1. Let j(a) = -g(a) + 4*n(a). List the prime factors of j(-14).
3
Let n(d) = 1151*d**2 - 15*d + 15. What are the prime factors of n(1)?
1151
Suppose -2*w + 3000 = -t, 100*w + 3012 = 102*w - 4*t. What are the prime factors of w?
2, 7, 107
Suppose 42*a = 1049 + 25537. List the prime factors of a.
3, 211
Let n(l) be the second derivative of l**4/6 + l**3/2 - 2*l**2 - 11*l. List the prime factors of n(3).
23
Let w(j) = -11*j - 78. Let y be (-39)/(((-3)/(-2) - 1)*3). What are the prime factors of w(y)?
2, 13
Suppose -f - 9*f + 19430 = 0. List the prime factors of f.
29, 67
Let j = -22 - -27. Suppose j*y = 7*y - 144. What are the prime factors of y?
2, 3
Suppose 3*a + 18 = 3*c, -a - 1 - 6 = -2*c. What are the prime factors of 15*(14/3 + c)?
5, 17
Suppose -3530 - 6676 = -21*w. List the prime factors of w.
2, 3
List the prime factors of ((4 + -3)*0)/2 - -1476.
2, 3, 41
Let p(o) = 3*o - 11. Let d(t) = t - 1. Let a(y) = 10*d(y) - 2*p(y). Let z = 15 - 9. List the prime factors of a(z).
2, 3
Let i = 38 + -16. Suppose -284 - i = -6*y. Suppose -4*m + n + y = -50, n + 49 = 2*m. List the prime factors of m.
2, 13
Suppose -3330 = 160*y - 170*y. List the prime factors of y.
3, 37
Let w = 79 + -75. Let d be ((-1)/4)/(1/(-4)). Let m = w - d. What are the prime factors of m?
3
Let t be -2 - 12*4/4. Let f = t - -18. List the prime factors of f.
2
Let x(t) = -311*t - 330. What are the prime factors of x(-9)?
3, 823
Suppose 8 = 3*v + v. Suppose -37 = -v*j + 5. What are the prime factors of j?
3, 7
Suppose 0 = -4*p - 5*h + 6, 4*p = 5*h + 20 + 6. Suppose 0*g - 3*d + 89 = g, -2*d = -p*g + 398. What are the prime factors of g?
2, 7
Let y = -5141 + 7335. What are the prime factors of y?
2, 1097
Let o(r) = -6*r + 6. Let i be o(4). Let b = -13 - i. Suppose 3*l + 187 = b*g - 0*g, -3*l + 23 = g. What are the prime factors of g?
5, 7
Let a(r) = 2*r**2 + 13*r - 186. List the prime factors of a(-17).
3, 19
Let p(c) = -208*c - 498. List the prime factors of p(-25).
2, 2351
Let n = 160 - 122. List the prime factors of n.
2, 19
Let m be (-45)/(-4) + 12/16. Suppose 0 = 3*j - 3*z + m, -z = 4*j + 1 - 10. List the prime factors of (j + 5)*112/21.
2
Let s(k) = 32*k**2 + 12*k - 10. What are the prime factors of s(-7)?
2, 11, 67
Let u(v) be the third derivative of -v**6/120 + 3*v**5/20 - 7*v**4/24 + 2*v**3 - 3*v**2. Suppose -9 = -4*y + 23. What are the prime factors of u(y)?
2, 5
Let p(k) = 2 - 3 - 1 + 0 + k. Let g be p(-5). List the prime factors of (-1 - 8)*21/g.
3
Suppose 0 = 4*l + 4*z - 10244, -5*z = 3*l - 6371 - 1306. List the prime factors of l.
2, 641
Let h = 740 + 18. What are the prime factors of h?
2, 379
Let y(r) = -4*r**3 - 3*r**2 - r - 2. Let u(q) = -2*q - 1. Let w be u(-2). Let d be y(w). What are the prime factors of ((-6)/5)/(8/d)?
3, 7
Let z = 94 + -92. Suppose -2*s - 87 = 63. List the prime factors of z/6*(3 - s).
2, 13
Suppose -4*s + 3*s = -3. Suppose j + 9 = -j + s*a, j + 18 = -3*a. List the prime factors of (-16)/(j/(135/6)).
2, 5
Suppose 2*s + h = 10 - 4, 4*s - 12 = 5*h. Suppose -s*g - 158 = 1. Let a = -29 - g. What are the prime factors of a?
2, 3
Suppose -v = -2*a + 1523, 0 = 4*a - v + 4*v - 3021. What are the prime factors of a?
3, 11, 23
Let q = 1310 + -675. What are the prime factors of q?
5, 127
Suppose t = 4*x - 9 + 1, -5*t = 4*x - 8. List the prime factors of x/(8/(-122))*-2.
61
Let q(c) = 2*c**2 + 13*c - 13. What are the prime factors of q(-10)?
3, 19
Suppose 0 = -s + 4*d + 1, s + 7*d - 2*d = -17. Let o(t) = t**2 + 7*t + 34. List the prime factors of o(s).
2, 17
Let a = 43 - 38. Suppose -f = -l - 84, -f + 5*l = -a*f + 318. List the prime factors of f.
2, 41
What are the prime factors of (-20)/(11 - 7) + 363?
2, 179
Let o(b) = -44*b + 215. List the prime factors of o(-40).
5, 79
Suppose 0 = 2*j - 2*x - 6558, -21*j + 16395 = -16*j + 3*x. What are the prime factors of j?
3, 1093
Let q be 81 + 2/(2/(-1)). Let y(v) = -v**3 + 10*v**2 - 11*v + 20. Let s be y(8). Suppose s = 5*n - q. List the prime factors of n.
2, 7
Let z = 40 + 446. What are the prime factors of z?
2, 3
Suppose 6 = -2*w, -2675 - 2146 = -3*j + 4*w. What are the prime factors of j?
7, 229
Let c(l) = -l - 3. Let n = 2 + 3. Suppose -10*t + n*t - 90 = 0. List the prime factors of c(t).
3, 5
Suppose 4*c - 5*d + 10*d - 23 = 0, 4*c + 4*d = 20. List the prime factors of ((-1)/c)/(3/(-102)).
17
Let w = -25 - -30. Suppose w*t = -218 + 758. What are the prime factors of t?
2, 3
Let a = -16 + 22. Let v be (-4)/a*(-270)/20. Suppose v*m = 7*m + 38. What are the prime factors of m?
19
Let t = 1785 - -2721. List the prime factors of t.
2, 3, 751
Suppose -12*m = -5*m - 805. Suppose c = k + 76, -5*k + 81 + m = 3*c. List the prime factors of c.
2, 3
Let n(a) = -83*a**3 - 2*a**2 - 11*a - 25. List the prime factors of n(-2).
653
Let s = 79 + -46. Suppose -2*k + s - 9 = 0. Suppose -5*m + k = -103. List the prime factors of m.
23
Let o(c) = -2*c**2 - c + 1. Let h = -8 + 9. Let q be o(h). List the prime factors of (-3 - q)/((-2)/62).
31
List the prime factors of 1528 - (7 - 10) - 9.
2, 761
Let y(u) = 3*u**2 + 48*u - 50. What are the prime factors of y(-19)?
11
Let w = -279 + 2016. What are the prime factors of w?
3, 193
Suppose 0 = -3*c + p - 16, 14 = -2*c - 0*p - p. List the prime factors of (-15064)/(-84) - 4/c.
2, 3, 5
Let z(u) = -u**2 + 14*u + 8. Let f be z(10). Suppose 0 = 4*d - 300 + f. List the prime factors of d.
3, 7
Suppose 114 + 703 = p. List the prime factors of p.
19, 43
List the prime factors of ((-1322)/10)/(2/(-10)).
661
Let l(o) = 9*o - 7. Let p(y) = 9*y - 8. Let s(h) = -3*l(h) + 2*p(h). List the prime factors of s(-13).
2, 61
Suppose -6*p = -12 - 18. Suppose -p*m - 5*j = -45, -m + j + 27 = 2*m. What are the prime factors of m?
3
List the prime factors of (